{"id":2208,"date":"2020-10-29T10:49:34","date_gmt":"2020-10-29T09:49:34","guid":{"rendered":"https:\/\/www.webtenerife.de\/dasblog\/?page_id=2208"},"modified":"2021-05-11T13:59:09","modified_gmt":"2021-05-11T12:59:09","slug":"coronavirus","status":"publish","type":"page","link":"https:\/\/www.webtenerife.de\/dasblog\/coronavirus\/","title":{"rendered":"Urlaub auf Teneriffa, Infos zur aktuellen Covid-19 Lage"},"content":{"rendered":"\n<p><\/p>\n\n\n\n<p>Auf dieser Seite finden Sie alle Informationen in Bezug auf Reisen nach Teneriffa und den Aufenthalt auf der Insel w\u00e4hrend der aktuellen Covid-19-Situation. Egal, ob Sie ein Reisender oder ein Fachmann des Tourismussektors sind, Sie k\u00f6nnen sich \u00fcber die Gesundheits- und Sicherheitsprotokolle und -vorschriften informieren.<\/p>\n\n\n\n<h4 class=\"wp-block-heading\"><strong>Dinge, die Sie tun sollten, bevor Sie nach Teneriffa reisen<\/strong><\/h4>\n\n\n\n<p><strong>Reisen nach und von der Insel Teneriffa<\/strong><\/p>\n\n\n\n<p>Ist die Vorlage eines negativen Testergebnisses auf eine aktive Coronainfektion (PDIA) wie bisher obligatorisch, entsprechend den Festlegungen der nationalen Beh\u00f6rden. Weitere Informationen dazu finden Sie hier: <a href=\"https:\/\/www.spth.gob.es\">https:\/\/www.spth.gob.es<\/a><\/p>\n\n\n\n<p>In diesem <a href=\"https:\/\/www.hallokanarischeinseln.com\/coronavirus\/\">Link der Regierung der Kanarischen Inseln<\/a> finden Sie detaillierte Informationen zu den Einreisebestimmungen f\u00fcr Teneriffa.<\/p>\n\n\n\n<p>Wir erinnern auch an die aktuellen staatlichen Vorschriften f\u00fcr internationale Passagiere, die auf die Insel einreisen, wie sie in der Vorschrift vom 11. Dezember 2020 festgelegt wurden und die in vollem Umfang in spanischer Sprache unter folgendem Link eingesehen werden k\u00f6nnen: <a href=\"https:\/\/www.boe.es\/boe\/dias\/2020\/12\/11\/pdfs\/BOE-A-2020-15951.pdf\">https:\/\/www.boe.es\/boe\/dias\/2020\/12\/11\/pdfs\/BOE-A-2020-15951.pdf<\/a><\/p>\n\n\n\n<h2 class=\"wp-block-heading\">WICHTIGE AKTUELLE NEUIGKEITEN&nbsp;<\/h2>\n\n\n\n<div class=\"wp-block-columns is-layout-flex wp-container-core-columns-is-layout-9d6595d7 wp-block-columns-is-layout-flex\">\n<div class=\"wp-block-column is-layout-flow wp-block-column-is-layout-flow\">\n<h2 class=\"wp-block-heading\">Willkommen auf Teneriffa<\/h2>\n\n\n\n<figure class=\"wp-block-image size-large\"><img fetchpriority=\"high\" decoding=\"async\" width=\"690\" height=\"355\" src=\"https:\/\/www.webtenerife.de\/dasblog\/wp-content\/uploads\/2020\/10\/image00013-690x355-1.jpeg\" alt=\"\" class=\"wp-image-2209\" srcset=\"https:\/\/www.webtenerife.de\/dasblog\/wp-content\/uploads\/2020\/10\/image00013-690x355-1.jpeg 690w, https:\/\/www.webtenerife.de\/dasblog\/wp-content\/uploads\/2020\/10\/image00013-690x355-1-300x154.jpeg 300w\" sizes=\"(max-width: 690px) 100vw, 690px\" \/><\/figure>\n\n\n\n<p>M\u00f6chten Sie nach Teneriffa reisen? Hier finden Sie alle notwendigen Informationen; die Sicherheitsprotokolle f\u00fcr Covid-19, w\u00e4hrend und am Ende der Reise<\/p>\n\n\n\n<div class=\"wp-block-buttons is-layout-flex wp-block-buttons-is-layout-flex\">\n<div class=\"wp-block-button\"><a class=\"wp-block-button__link has-luminous-vivid-orange-background-color has-background\" href=\"https:\/\/www.hallokanarischeinseln.com\/coronavirus\/\">Urlauber<\/a><\/div>\n<\/div>\n\n\n\n<p><\/p>\n<\/div>\n\n\n\n<div class=\"wp-block-column is-layout-flow wp-block-column-is-layout-flow\">\n<h2 class=\"wp-block-heading\">Die Covid-19 Situation auf Teneriffa<\/h2>\n\n\n\n<figure class=\"wp-block-image size-large\"><img decoding=\"async\" width=\"690\" height=\"355\" src=\"https:\/\/www.webtenerife.de\/dasblog\/wp-content\/uploads\/2020\/10\/shutterstock_1259583880-e1603812183309-690x355-1.jpg\" alt=\"\" class=\"wp-image-2210\" srcset=\"https:\/\/www.webtenerife.de\/dasblog\/wp-content\/uploads\/2020\/10\/shutterstock_1259583880-e1603812183309-690x355-1.jpg 690w, https:\/\/www.webtenerife.de\/dasblog\/wp-content\/uploads\/2020\/10\/shutterstock_1259583880-e1603812183309-690x355-1-300x154.jpg 300w\" sizes=\"(max-width: 690px) 100vw, 690px\" \/><\/figure>\n\n\n\n<p>T\u00e4glich aktualisierte Daten \u00fcber die akkumulierten Infektionen mit dem Coronavirus auf den Kanarischen Inseln und Teneriffa im Vergleich zum restlichen Europa.<\/p>\n\n\n\n<div class=\"wp-block-buttons is-layout-flex wp-block-buttons-is-layout-flex\">\n<div class=\"wp-block-button\"><a class=\"wp-block-button__link has-luminous-vivid-orange-background-color has-background\" href=\"https:\/\/www.gobiernodecanarias.org\/principal\/coronavirus\/acceso_datos.html\">Data Covid-19<\/a><\/div>\n<\/div>\n\n\n\n<p><\/p>\n<\/div>\n<\/div>\n\n\n\n<p><\/p>\n","protected":false},"excerpt":{"rendered":"<p>Auf dieser Seite finden Sie alle Informationen in Bezug auf Reisen nach Teneriffa und den Aufenthalt auf der Insel w\u00e4hrend der aktuellen Covid-19-Situation. Egal, ob Sie ein Reisender oder ein Fachmann des Tourismussektors sind, Sie k\u00f6nnen sich \u00fcber die Gesundheits- und Sicherheitsprotokolle und -vorschriften informieren. Dinge, die Sie tun sollten, [&hellip;]<\/p>\n","protected":false},"author":5,"featured_media":0,"parent":0,"menu_order":0,"comment_status":"open","ping_status":"closed","template":"template-fullwidth.php","meta":{"footnotes":""},"class_list":["post-2208","page","type-page","status-publish","hentry"],"_links":{"self":[{"href":"https:\/\/www.webtenerife.de\/dasblog\/wp-json\/wp\/v2\/pages\/2208","targetHints":{"allow":["GET"]}}],"collection":[{"href":"https:\/\/www.webtenerife.de\/dasblog\/wp-json\/wp\/v2\/pages"}],"about":[{"href":"https:\/\/www.webtenerife.de\/dasblog\/wp-json\/wp\/v2\/types\/page"}],"author":[{"embeddable":true,"href":"https:\/\/www.webtenerife.de\/dasblog\/wp-json\/wp\/v2\/users\/5"}],"replies":[{"embeddable":true,"href":"https:\/\/www.webtenerife.de\/dasblog\/wp-json\/wp\/v2\/comments?post=2208"}],"version-history":[{"count":25,"href":"https:\/\/www.webtenerife.de\/dasblog\/wp-json\/wp\/v2\/pages\/2208\/revisions"}],"predecessor-version":[{"id":2450,"href":"https:\/\/www.webtenerife.de\/dasblog\/wp-json\/wp\/v2\/pages\/2208\/revisions\/2450"}],"wp:attachment":[{"href":"https:\/\/www.webtenerife.de\/dasblog\/wp-json\/wp\/v2\/media?parent=2208"}],"curies":[{"name":"wp","href":"https:\/\/api.w.org\/{rel}","templated":true}]}}

<p></p>



<p>Auf dieser Seite finden Sie alle Informationen in Bezug auf Reisen nach Teneriffa und den Aufenthalt auf der Insel während der aktuellen Covid-19-Situation. Egal, ob Sie ein Reisender oder ein Fachmann des Tourismussektors sind, Sie können sich über die Gesundheits- und Sicherheitsprotokolle und -vorschriften informieren.</p>



<h4 class="wp-block-heading"><strong>Dinge, die Sie tun sollten, bevor Sie nach Teneriffa reisen</strong></h4>



<p><strong>Reisen nach und von der Insel Teneriffa</strong></p>



<p>Ist die Vorlage eines negativen Testergebnisses auf eine aktive Coronainfektion (PDIA) wie bisher obligatorisch, entsprechend den Festlegungen der nationalen Behörden. Weitere Informationen dazu finden Sie hier: <a href="https://www.spth.gob.es">https://www.spth.gob.es</a></p>



<p>In diesem <a href="https://www.hallokanarischeinseln.com/coronavirus/">Link der Regierung der Kanarischen Inseln</a> finden Sie detaillierte Informationen zu den Einreisebestimmungen für Teneriffa.</p>



<p>Wir erinnern auch an die aktuellen staatlichen Vorschriften für internationale Passagiere, die auf die Insel einreisen, wie sie in der Vorschrift vom 11. Dezember 2020 festgelegt wurden und die in vollem Umfang in spanischer Sprache unter folgendem Link eingesehen werden können: <a href="https://www.boe.es/boe/dias/2020/12/11/pdfs/BOE-A-2020-15951.pdf">https://www.boe.es/boe/dias/2020/12/11/pdfs/BOE-A-2020-15951.pdf</a></p>



<h2 class="wp-block-heading">WICHTIGE AKTUELLE NEUIGKEITEN&nbsp;</h2>



<div class="wp-block-columns is-layout-flex wp-container-core-columns-is-layout-9d6595d7 wp-block-columns-is-layout-flex">
<div class="wp-block-column is-layout-flow wp-block-column-is-layout-flow">
<h2 class="wp-block-heading">Willkommen auf Teneriffa</h2>



<figure class="wp-block-image size-large"><img fetchpriority="high" decoding="async" width="690" height="355" src="https://www.webtenerife.de/dasblog/wp-content/uploads/2020/10/image00013-690x355-1.jpeg" alt="" class="wp-image-2209" srcset="https://www.webtenerife.de/dasblog/wp-content/uploads/2020/10/image00013-690x355-1.jpeg 690w, https://www.webtenerife.de/dasblog/wp-content/uploads/2020/10/image00013-690x355-1-300x154.jpeg 300w" sizes="(max-width: 690px) 100vw, 690px" /></figure>



<p>Möchten Sie nach Teneriffa reisen? Hier finden Sie alle notwendigen Informationen; die Sicherheitsprotokolle für Covid-19, während und am Ende der Reise</p>



<div class="wp-block-buttons is-layout-flex wp-block-buttons-is-layout-flex">
<div class="wp-block-button"><a class="wp-block-button__link has-luminous-vivid-orange-background-color has-background" href="https://www.hallokanarischeinseln.com/coronavirus/">Urlauber</a></div>
</div>



<p></p>
</div>



<div class="wp-block-column is-layout-flow wp-block-column-is-layout-flow">
<h2 class="wp-block-heading">Die Covid-19 Situation auf Teneriffa</h2>



<figure class="wp-block-image size-large"><img decoding="async" width="690" height="355" src="https://www.webtenerife.de/dasblog/wp-content/uploads/2020/10/shutterstock_1259583880-e1603812183309-690x355-1.jpg" alt="" class="wp-image-2210" srcset="https://www.webtenerife.de/dasblog/wp-content/uploads/2020/10/shutterstock_1259583880-e1603812183309-690x355-1.jpg 690w, https://www.webtenerife.de/dasblog/wp-content/uploads/2020/10/shutterstock_1259583880-e1603812183309-690x355-1-300x154.jpg 300w" sizes="(max-width: 690px) 100vw, 690px" /></figure>



<p>Täglich aktualisierte Daten über die akkumulierten Infektionen mit dem Coronavirus auf den Kanarischen Inseln und Teneriffa im Vergleich zum restlichen Europa.</p>



<div class="wp-block-buttons is-layout-flex wp-block-buttons-is-layout-flex">
<div class="wp-block-button"><a class="wp-block-button__link has-luminous-vivid-orange-background-color has-background" href="https://www.gobiernodecanarias.org/principal/coronavirus/acceso_datos.html">Data Covid-19</a></div>
</div>



<p></p>
</div>
</div>



<p></p>

<p>Auf dieser Seite finden Sie alle Informationen in Bezug auf Reisen nach Teneriffa und den Aufenthalt auf der Insel während der aktuellen Covid-19-Situation. Egal, ob Sie ein Reisender oder ein Fachmann des Tourismussektors sind, Sie können sich über die Gesundheits- und Sicherheitsprotokolle und -vorschriften informieren. Dinge, die Sie tun sollten, [&hellip;]</p>
